5*b**3. Let k be (0/(-3))/(-1 - -3). Suppose -7*w + 3*w + 8 = k. What is m(w)?
10
Let y = -4524 + 4528. Let x(l) = l**2 - 28*l + 89. Calculate x(y).
-7
Let z(t) = -234*t**2 + 3 + 1 + 2*t + 0*t + 3*t + 233*t**2. Let d = -36 + 43. What is z(d)?
-10
Let v(i) = -61*i**2 - 118*i - 48. Let d(w) = -13*w**2 - 24*w - 9. Let q(z) = -19*d(z) + 4*v(z). Determine q(8).
43
Let a(j) be the first derivative of -j**4/4 + 37*j**3/3 + j**2/2 - 37*j - 562. Give a(37).
0
Let g(a) = a + 2. Suppose 6 = -3*q + 3*k, 5*q + 3*k - 12 = 18. Suppose -3*t = 12, 0 = -y - 2*t + 2 - q. Calculate g(y).
9
Suppose 0 = -6*p - 661 + 2287. Let j = 281 - p. Let h(z) = z**3 - 9*z**2 - 10*z - 14. What is h(j)?
-14
Let k(a) = -a**2 + 42 + 5*a**2 + 35 - 24*a**2 - 37*a + 19*a**2. Give k(2).
-1
Let v(k) = -3*k**3 + 15*k - 11*k**3 + 10 - 6*k**3 + 19*k**3 - k**2. What is v(0)?
10
Suppose 242 - 10 = a. Let c = -236 + a. Let k(z) = 2*z**3 + 2*z + 9. Let b(q) = 3*q**3 - q**2 + 4*q + 17. Let f(o) = 3*b(o) - 5*k(o). What is f(c)?
14
Let g(c) = 2*c**2 + 4 + 3*c + 35 + 4*c**2 + 8*c**2 + c**3. Let m be g(-14). Let a(f) = 7*f - 3. What is a(m)?
-24
Let o(i) = 4*i**2 + 27*i + 4. Let h be -1 + -1 - (-84 - -82) - 7. Calculate o(h).
11
Suppose -6*v = -7*v + 3. Let l(x) be the first derivative of -x**3/3 - x**2 + x - 4033. Determine l(v).
-14
Let g be ((-4)/5)/(4/(-50)). Suppose -5*d = -5*x + g, -2*x - 2*x - d = -33. Let o(p) = p**2 - 8*p + 8. Give o(x).
1
Let w(a) = -84*a**3 + 45*a**3 - 13 - 4*a - 11*a**2 + 40*a**3 + 5*a. What is w(11)?
-2
Suppose -4666*x + 4614*x = -156. Let c(y) be the second derivative of 0 + 5*y**2 - 1/6*y**x + 31*y. What is c(8)?
2
Suppose 321 = 2*d - 3*x, 0 = 5*x + 7 - 2. Let s = d - 172. Let t(r) = -r**3 - 12*r**2 + 15*r + 15. Give t(s).
-11
Let s be (-9 - 36100/(-110)) + 4/(-22). Let v = 321 - s. Let k(c) = -3*c + 4*c**2 + c**3 + 2 - c**2 + 0*c**3. Determine k(v).
16
Let i(y) = -18*y**2 - 124*y + 35. Let t(h) = 33*h**2 + 245*h - 72. Let g(u) = -7*i(u) - 4*t(u). Determine g(-19).
5
Let y(d) = 8*d**2 - 281*d + 31. Let a(s) = 9*s**2 - 285*s + 33. Let v(g) = -5*a(g) + 4*y(g). What is v(23)?
5
Let q(u) be the second derivative of u**3/2 - 20*u**2 - 4780*u. Calculate q(8).
-16
Let o(w) = -8*w**2 - 9*w - 4. Let l(n) = 11*n**2 - 2 + 4 - 38*n + 4 + 52*n. Let f(u) = -5*l(u) - 7*o(u). Determine f(7).
-2
Let v = -57 + 63. Suppose v + 64 = 7*j. Let k(n) = 12*n - 21*n + j*n. Give k(-4).
-4
Let u(f) = -f + 10. Let q(d) = 18*d + 421. Let h be q(-27). Let v = -3 - -73. Let o = h + v. What is u(o)?
5
Let g(u) be the second derivative of u**4/12 + 4*u**2 + 294*u - 2. Let q = 6 - 3. Suppose -6*j + j - 12 = q*m, 4 = -2*j - m. Determine g(j).
8
Let l = 148596 - 148591. Let a(j) = -3*j + 12. Let z(y) = -2*y + 8. Let s(h) = 5*a(h) - 7*z(h). Give s(l).
-1
Suppose 86 + 10 = 3*j. Let z = 37 - j. Let q(k) = 2*k**2 - 2*k**2 - k**2 - z*k + 2*k**2. Give q(3).
-6
Suppose 50 = 4*i + i. Let x(t) = -6*t**3 + 17*t**2 + 8*t + 26. Let s(y) = -5*y**3 + 13*y**2 + 8*y + 26. Let p(k) = 7*s(k) - 6*x(k). Calculate p(i).
6
Let s(k) = k + 2. Let g(q) = -16 + 2*q + 3*q + 9*q - 16*q. Suppose f - 4*f = 15. Let u be g(f). Calculate s(u).
-4
Let r be 188/(-20) + (-3)/5. Let j be r + 13 - 0/(-1). Suppose -j + 18 = -5*f. Let x(v) = -5*v + 1. Calculate x(f).
16
Let r(f) = 9*f - 2368*f**2 + 3 + 0*f + 5 + 2370*f**2 + 3*f. Give r(-9).
62
Let h(g) be the first derivative of -g**3/3 - g**2 + 7*g - 4739. Determine h(0).
7
Let o(b) = -4*b - 3. Suppose 0 = -5*s + v + 3*v - 30, -2 = -4*s - 2*v. Let t be (-150)/(-15)*3/s. Let d = t - -13. Calculate o(d).
5
Let x(w) = 3*w**3 - 2*w**2 - w - 3*w**3 - 3*w**3. Let b = 107 - 102. Suppose -b*f + f + v = 8, 4*v - 14 = -2*f. Calculate x(f).
2
Let o(l) = -3*l**2 - 9*l - 26. Let j(z) = -7*z**2 - 17*z - 57. Let a(t) = -2*j(t) + 5*o(t). Calculate a(-9).
2
Let c(p) = 10 - 92*p**2 + p + 91*p**2 - 7 - 6 - 12*p. Let r be ((-3)/(-3))/(3/(-33)). Give c(r).
-3
Suppose 19*x - 33 = 16*x. Let f(z) = 20*z**2 - 13*z + 2. Let n(p) = -11*p**2 + 7*p - 1. Let c(m) = x*n(m) + 6*f(m). Determine c(-3).
-5
Let j(z) = -z**2 + 5*z + 22. Let k(u) = -2*u**2 + 15*u + 80. Let g(d) = -7*j(d) + 2*k(d). Calculate g(2).
8
Let h(d) = -d + 2. Suppose -w + 2*w - 4*n = -25, 0 = 5*w - 3*n + 210. Suppose 2*u = -g + 96, 5*u - 81 - 140 = 7*g. Let l = w + u. What is h(l)?
0
Let s(c) = 3*c - 4. Let p be 3 - (26/(-91) + (-10)/14). Suppose 4*i + a - 19 = 0, -i = -a + 2*a - p. Determine s(i).
11
Let t(c) = -3*c + 23. Suppose -31*x + 39*x = 56. Determine t(x).
2
Let l(g) = 22*g + 66. Let a(x) = 7*x - 2. Let r(b) = -5*a(b) + l(b). Give r(6).
-2
Suppose 3*o - 10 = 5*a, 0 = -3*a - 17 + 20. Let l(q) = 7*q - 18. Determine l(o).
17
Let l(s) = -4*s**2 - s**2 - 6*s**2. Let n(c) = c**2 - 26*c + 132. Let q be n(7). Determine l(q).
-11
Let t be (-20)/(1/(-1)) + -5. Let g(b) = -b**2 + 15*b + 26. Let s be g(t). Let n = 21 - s. Let x(c) = 3*c + 4. Calculate x(n).
-11
Let k = 27 + -26. Let u be ((-1)/k)/(-6 + 22/4). Let m(t) = 3 - 5*t**2 - t**2 - 4*t + 7*t**u + t**3. Determine m(2).
7
Let s(k) be the second derivative of -k**3/3 - 10*k**2 + k - 1224. Determine s(-2).
-16
Suppose -6*d + 21*d + 648 = -21*d. Let m(z) = z**3 + 17*z**2 - 18*z + 7. Give m(d).
7
Suppose 73*p - 71*p + 5*f = 21, 2*f = -4*p + 18. Let z(v) = 2*v**3 - 4*v**2 - 2. What is z(p)?
16
Suppose 4*a + 11 = -1. Let g = -1 - a. Let r(o) be the second derivative of -o**4/12 + o**3/2 - 3*o**2/2 - 8*o. Calculate r(g).
-1
Let b(w) = -w - 1. Let h = 4 - 0. Let x = 85 + -80. Suppose -3*p = -h*p - x. Calculate b(p).
4
Let p(z) = -z + 16. Let g(k) = 37*k - 2701. Let v be g(73). What is p(v)?
16
Let j(r) = -r**3 - 5*r**2 + 9*r + 30. Let k = 8966 - 8972. Determine j(k).
12
Let p be ((-29760)/225)/32 - 4/(-30). Let u(z) = z**3 + 8*z**2 - 2*z - 3. What is u(p)?
69
Let j = 3415 + -3417. Let y(l) = -13*l - 10. Calculate y(j).
16
Let i(t) = 9 + 33*t + t**2 - 154 + 37 + 48. Determine i(-35).
10
Suppose 0*y + 3*y - 28 = 4*x, -28 = 2*x - 5*y. Let v(u) = 4*u**2 - 3*u + 24386*u**3 - 24385*u**3 - u**2. Calculate v(x).
-4
Suppose 17 + 183 = -4*i. Let y = -53 - i. Let t(w) = -w**3 - w**2 + 3*w + 3. Determine t(y).
12
Let a(d) = 2*d**2 + d + 1. Suppose 14*p - 32 = 6*p. Suppose -5*u + p = 34. Let q(i) = i**2 + 10*i + 22. Let y be q(u). Calculate a(y).
7
Let t(k) = -k**2 + k + 14. Let h be t(-4). Let p(f) = -3*f - 2. Let s be p(-6). Let j(l) = -6*l**2 - l + s*l**3 - 12*l**3 - 5*l**3 - 8. Determine j(h).
-2
Let k(z) be the second derivative of z**5/20 - z**4/6 - 2*z**3/3 - z**2/2 - 2107*z. What is k(-2)?
-9
Let p(x) = 13*x - 141. Let a be p(11). Let u(t) = 13*t**2 - 4*t + 0*t**2 - 7*t**2 + a + t**2 - 8*t**2. Determine u(-6).
-10
Let w = -22 + 44. Let l(k) = -5*k**2 + 3*k**2 - 5*k - 44 + 27 + 3*k**2 + w. What is l(4)?
1
Let b(x) = 9*x**3 - 2*x**2 + 4*x - 3. Let u(z) = 46*z**3 - 4*z**2 + 14*z - 14. Let y(n) = -5*b(n) + u(n). Let t(i) = 4*i + 1. Let h be t(-2). Determine y(h).
-6
Let x = -42 + 44. Let q(f) = 6*f + 9 - f - 8 + 5 + f**x. Let t be q(-4). Let o(m) = 2*m - 2. Calculate o(t).
2
Let z(d) = 5*d - 4. Let s be (-21)/14*(6 + -4). Give z(s).
-19
Suppose 4*q = -3*t + 11, -5*q + 2*t + 0*t = -8. Let j(b) = 2*b**3 - 26*b**q + 22*b**2 + b**3 - 2*b**3. Let p = 7 + -3. What is j(p)?
0
Let t(c) = -11*c**3 + 18*c**2 + 16*c + 5. Let a(o) = 23*o**3 - 31*o**2 - 28*o - 9. Let d(i) = 4*a(i) + 7*t(i). Let p be (-5)/4 - 1/(-4). What is d(p)?
-14
Let u(s) = s**2 + 12*s + 15. Suppose -2*l + 442 = 432. Suppose 0 = l*w + 3*b + 55, -b + 14 = -3*w - 19. What is u(w)?
4
Let z(y) = 0*y**3 - y - 2 - 2*y - 5*y**2 + y**3. Suppose -14*o - 294 = -378. Calculate z(o).
16
Suppose 2*w + w = 12. Let f(o) = 17*o + 14. Let c(a) = -3*a - 3. Suppose 0 = 11*j + 17 + 5. Let y(k) = j*f(k) - 11*c(k). Determine y(w).
1
Let c(d) = d**3 + 17*d**2 - 6. Let i be c(-17). Suppose 2*v - 10 = 8. Let j(q) = -q**2 + 9*q + v - 5*q**2 - q**3 - 3*q + q**2. Determine j(i).
9
Suppose 5*y = -m - 18, -84*m + 4*y - 24 = -88*m. Let w(b) = -b**2 + 13*b - 11. Give w(m).
1
Let f be 41/3 - 2/3. Let x = f - 7. Let b(s) be the second derivative of s**3/2 + s**2/2 + 52*s - 6. Give b(x).
19
Let i(f) = 2*f**2 + 19*f + 16. Let c(b) = -b**2 - 10*b - 8. Let g(k) = -5*c(k) - 3*i(k). Suppose 6*s + 78 = -16*v + 11*v, -16 = 4*v - s. Calculate g(v).
-2
Let a(v) = 6*v**3 + v**2 + v. Let g(b) = -35*